e tens digit of h(g)?
5
Let x be -3 - (-174)/8 - 21/(-84). Let l(z) = -z + 5. Let q be l(0). Let u = x + q. What is the units digit of u?
4
Let c(h) = 255*h - 29. What is the tens digit of c(3)?
3
Let l(k) = -3*k**2 - 5*k + 7. Let m be l(-9). Let s = m - -284. What is the tens digit of s?
9
Suppose 0 = p + 29 + 4. Let a be 11/44 + 243/4. Let w = a + p. What is the units digit of w?
8
Let p(m) = m - 17. Let z be p(14). Let y(k) be the second derivative of -2*k**3/3 - k**2 + k. What is the units digit of y(z)?
0
Let q(o) = o**3 + 20*o**2 - 18*o - 19. What is the units digit of q(-18)?
3
Let c(a) = 69*a**2 + 154*a + 24. What is the units digit of c(7)?
3
Let f = -228 + 160. Let w = -19 - f. What is the tens digit of w?
4
Let n = 18 + -18. Suppose -j + 13 = -2*y - 22, n = -y + j - 20. Let d = -10 - y. What is the units digit of d?
5
Suppose -3*u + 10 = 2*u + 5*d, -4*u = 3*d - 11. Let i(c) = c**3 - 6*c**2 + 4*c - 1. Let z be i(u). What is the tens digit of (-44)/z*(-27)/(-6)?
3
Let r(s) = s**3 - 21*s**2 + 42*s + 16. Let m be r(19). Let u = m - 58. What is the units digit of u?
4
Let j(r) = 2*r + 205. What is the units digit of j(13)?
1
Let l = 3280 + -2307. What is the hundreds digit of l?
9
Let b = 374 + -224. Let r = b + 113. What is the units digit of r?
3
Let c(k) = -5*k + 3. Let g be c(4). Suppose -5*t + 25 + 8 = f, -f + 33 = -4*t. Let y = g + f. What is the units digit of y?
6
What is the tens digit of 136 - 2*((-21)/6 - -4)?
3
What is the units digit of ((-4071)/(-230))/59 - 7594/(-20)?
0
Suppose 15*g - 27872 = 16138. What is the units digit of g?
4
Let d be 0 + 226*(4 - 5). Let a = d - -335. What is the tens digit of a?
0
Let w(f) = -f**2 + 7*f + 21. Let l be w(9). Suppose n + 5*z = z + 94, -l*n + 3*z = -357. What is the units digit of n?
4
Let b(z) = -7*z - 2. Let u be b(-1). Suppose p + 0*p = -u, -3*p - 144 = -x. What is the units digit of x?
9
Let v(x) = -x**2 + 4. Let s be v(0). Let b(q) = 2*q**2 + q - 1. Let p be b(s). Suppose 4*c = 9*c - p. What is the units digit of c?
7
Suppose t = 3*a - 2*t + 36, -5*t = 5*a + 20. Let p(w) = w**2 + 5*w - 17. What is the units digit of p(a)?
7
Let n(o) = 3*o**2 - 3*o. Suppose 0 = -5*c + 5, 0*f - f = -c - 1. Suppose f = -k + 5. What is the units digit of n(k)?
8
Let b(t) = 3*t**2 - 18*t - 84. What is the units digit of b(-8)?
2
Suppose 4*n = -4, n - 12 = -2*i + 5*n. Suppose i*v = 5*h - 5, 25 = 2*h + v + 2*v. What is the units digit of h - 2 - -2*1?
5
Let a = 411 - 105. What is the hundreds digit of a?
3
Let j be 7922/51 + 5/3. Suppose -v - 49 = -j. What is the hundreds digit of v?
1
Suppose 2*r - 52 = -4*g, 2*g - 5*r = -3*r + 20. Suppose h + 12*h = -130. Let y = h + g. What is the units digit of y?
2
Suppose -2*b + 2*t + t = -1916, 2*b - 1932 = -t. What is the units digit of b?
4
Let v be 7/2*(5 - 3). Suppose -x - 9 = 5*o, -5*x + o + v = 26. What is the units digit of (-32)/x + (-3 - -6)?
1
Suppose 1325 = 3*h - 2*d, 13 = -4*d - 3. What is the units digit of h?
9
Suppose 0 = 11*g - 2*g - 909. What is the hundreds digit of g?
1
Let q = 59 + -102. Let d = 36 - q. What is the tens digit of d?
7
Let c(i) = i**2 + 5*i - 16. Let y be (-74)/6 + 14/42. What is the tens digit of c(y)?
6
Let a(m) = 2*m**3 - 13*m**2 + 11*m + 2. What is the tens digit of a(9)?
0
Let c = 108 + -12. Suppose 2*n + 0*n + c = 0. Let b = n + 91. What is the tens digit of b?
4
Let n(x) = x - 4. Let c be n(4). Let r(d) = -d**3 + 6*d**2 + 6*d - 5. Let a be r(7). Let q = c - a. What is the units digit of q?
2
Suppose 48 = -h - 5*j, -5*h - j = -h + 116. Let b be -135*(2/6)/(-1). Let u = h + b. What is the units digit of u?
7
Let n be (-2)/9 + 58/18. Suppose f - n*f + 26 = 0. Suppose -26 = -2*g - 4*l, 5*l = -g + 5*g + f. What is the units digit of g?
3
Let y be 21 + -19 - 1*-1. What is the tens digit of ((-2)/y)/((-12)/846)?
4
Suppose 0 = -3*u + 2*p + 69, 7*u + 2*p = 4*u + 81. Let z = u - 7. What is the tens digit of z?
1
Let x(z) = z**3 - 3*z**2 - 3*z + 5. Let l be x(5). What is the units digit of 341/5 + (-8)/l?
8
Suppose 0 = -0*s + 4*s - 8. Suppose 9 = -i - 3*n, -2*n - 14 = 4*i + s. What is the units digit of -1 - (-13 - i)*1?
9
Let c = 1 + -7. Let h be 30*(4/c - -1). What is the units digit of (-2)/(-5) + 36/h?
4
Let t = -52 + 1441. What is the thousands digit of t?
1
Let o = 452 - 280. Suppose 0 = -f + 5*f - o. What is the tens digit of f?
4
Suppose -8*o - 1675 = -6411. What is the hundreds digit of o?
5
Suppose -6*h + 7*h = 2. Suppose 0 = -h*m, 0 = p - 0*m + 4*m - 6. Suppose -p*i + 2*i + 5*k = -173, 5*k + 5 = 0. What is the tens digit of i?
4
Let h be (-94)/(-4)*(-3 - -177). What is the units digit of 4/14 + h*5/105?
5
Let s = 17 - 15. Let r be (3 - (3 - s)) + 8. What is the tens digit of (-90)/(-4)*8/r?
1
Let d(z) = 5*z**2 + 17*z + 1. Let j(q) = -9*q**2 - 33*q - 1. Let x(g) = 7*d(g) + 4*j(g). Let w be 46*1/(-12) - 1/6. What is the units digit of x(w)?
9
Let l = 137 - -22. Let m = 264 - l. What is the hundreds digit of m?
1
Let o = 9848 + -4853. What is the thousands digit of o?
4
Let j(p) = 11*p**2 - 9*p - 28. Let i(n) = -7*n**2 + 6*n + 19. Let y(r) = -8*i(r) - 5*j(r). What is the units digit of y(-6)?
2
Let j = 203 - 165. What is the tens digit of j?
3
Suppose 5*v + v = -42408. What is the tens digit of v/(-33) + (20/(-55))/2?
1
Let n be -1 - (4 + -3) - (-1 - 36). Suppose -n*c + 32*c = -186. What is the units digit of c?
2
What is the hundreds digit of (-18)/(-4) - 235053/(-78)?
0
Let f(m) = -m**3 + 4*m**2 - m + 1. Let g be (2/(-4))/(4/(-32)). Let y be f(g). Let s(u) = -4*u. What is the tens digit of s(y)?
1
Suppose 473 + 266 = p + 4*n, 0 = 2*p + 5*n - 1475. What is the hundreds digit of p?
7
Let s be (1 + -1)*(4 + -3). Suppose -87 = -s*b + 3*b. Let q = 48 + b. What is the tens digit of q?
1
Let v(i) = -2*i + 10. Let n be v(15). Let q = 24 + n. What is the units digit of 1*(q/1 + 29)?
3
Let h(j) = -j + 1. Let n be h(-3). Let w(f) = 9*f + 105. Let o be w(-12). What is the units digit of n/24*-10*o?
5
Let x = -2644 + 3773. What is the units digit of x?
9
Let w(g) = -g**3 - 32*g**2 - 24*g - 64. What is the units digit of w(-32)?
4
Let v(i) = 6*i + 10*i + i**2 + i**2 + 5. Let x be v(-8). Suppose -40 = -2*a - 0*r + 4*r, -x*a + 3*r = -135. What is the units digit of a?
0
Suppose u - 70 = 84. Let j = u + -68. What is the units digit of j?
6
Suppose -7 - 8 = -3*w. Suppose w*o = 25 - 5. Suppose -6*u + o*u + 24 = 0. What is the tens digit of u?
1
Let i = -302 - -503. Suppose 4*k - 5*o = 477, 2*k + 3*o + 2*o - i = 0. What is the hundreds digit of k?
1
Let r(p) = 2*p + 1. Let m be r(2). Suppose m*c = -273 + 973. What is the units digit of c?
0
Suppose -6*u - 111 = -3*u. Let a = u - -62. What is the units digit of a?
5
Suppose -31 = 3*y - 199. Let w(q) = q**3 - 6*q**2 - 7*q + 3. Let o be w(6). Let l = o + y. What is the tens digit of l?
1
Let r(f) = 37*f + 9. Let g be r(-8). Let b = g - -432. What is the units digit of b?
5
Suppose 5*t - 7 = -2. Suppose -p - 3*z = -3, 2*z - t = -3. What is the units digit of p?
6
Suppose 0 = -j - 3*m + 10, -5*j - 2*m + 50 = -0*j. Let p be (-12)/j*150/(-12). Suppose d - 9 = -4*i, -52 = -d + 3*i - p. What is the tens digit of d?
2
Let h be 211 - 0 - (2 + -3). Suppose 2*d - 3*m - h = 0, -5*d + 57 = -3*m - 464. Suppose -2*i = 5*n - d, -3*n + n = i - 41. What is the tens digit of n?
2
Suppose -2*g + 1 = 3*z, -3*g - z - 8 = -4*g. What is the units digit of g/1*-1*(-116)/4?
5
Suppose -w = w - 24. Suppose 0 = -v - 5*l + 14, 5*l - 20 = -3*v + w. What is the units digit of v?
9
Let i = -21 - -23. Suppose -3*d = -j - 183, 0 = -i*d + 6*j - j + 109. What is the units digit of d?
2
Let a = 9 - -14. Suppose -h + a = -0*h. Let g = h + 1. What is the units digit of g?
4
Suppose 1 = -l - m, 2*m = l - 20 + 6. Suppose l*p - 16*p = -660. What is the units digit of p?
5
Let s = -10 - -13. Suppose 4*w + s*a - 14 = 3, 3*w + 3 = 3*a. Suppose -w*y = -0*y - 46. What is the tens digit of y?
2
Suppose 3*q - 130 = -3*d + 2006, 0 = -4*q + 5*d + 2857. What is the tens digit of q?
1
Let d = -696 - -480. Let v be (1/(-2))/((-6)/d). What is the tens digit of 2 - v*(-1)/(-1)?
2
Suppose 0 = 40*c - 1897 - 3583. What is the units digit of c?
7
Suppose c - 2*i + 5 = -9, 0 = 5*c + 4*i + 14. What is the units digit of (288/20)/(c/(-20))?
8
Let n(y) =